{"id":11371,"date":"2025-04-25T22:44:12","date_gmt":"2025-04-25T20:44:12","guid":{"rendered":"https:\/\/celebrityhouse.cz\/?page_id=11371"},"modified":"2025-04-25T23:54:45","modified_gmt":"2025-04-25T21:54:45","slug":"house-tv","status":"publish","type":"page","link":"https:\/\/celebrityhouse.cz\/index.php\/house-tv\/","title":{"rendered":"HOUSE TV"},"content":{"rendered":"\n<div style=\"height:52px\" aria-hidden=\"true\" class=\"wp-block-spacer\"><\/div>\n\n\n\n<h2 class=\"wp-block-heading\">PRA\u017dSK\u00c1 METROPOLE<\/h2>\n\n\n\n<h3 class=\"wp-block-heading\"><strong>Video kan\u00e1l projektu Pra\u017esk\u00e1 Metropole:<\/strong><\/h3>\n\n\n\n<div style=\"height:25px\" aria-hidden=\"true\" class=\"wp-block-spacer\"><\/div>\n\n\n\n<figure class=\"wp-block-embed is-type-video is-provider-youtube wp-block-embed-youtube wp-embed-aspect-16-9 wp-has-aspect-ratio\"><div class=\"wp-block-embed__wrapper\">\n<div class=\"video-container\"><iframe loading=\"lazy\" title=\"Kunsthalle Praha p\u0159edstavuje program roku 2025\" width=\"500\" height=\"281\" src=\"https:\/\/www.youtube.com\/embed\/MUbhhCxIdYI?feature=oembed&#038;wmode=opaque\" frameborder=\"0\" allow=\"accelerometer; autoplay; clipboard-write; encrypted-media; gyroscope; picture-in-picture; web-share\" referrerpolicy=\"strict-origin-when-cross-origin\" allowfullscreen><\/iframe><\/div>\n<\/div><\/figure>\n\n\n\n<div style=\"height:111px\" aria-hidden=\"true\" class=\"wp-block-spacer\"><\/div>\n\n\n\n<h2 class=\"wp-block-heading\">PRA\u017dSK\u00c9 P\u0158\u00cdKOPY <\/h2>\n\n\n\n<h3 class=\"wp-block-heading\"><strong>Video kan\u00e1l projektu Pra\u017esk\u00e9 P\u0159\u00edkopy:<\/strong><\/h3>\n\n\n\n<div style=\"height:25px\" aria-hidden=\"true\" class=\"wp-block-spacer\"><\/div>\n\n\n\n<figure class=\"wp-block-embed is-type-video is-provider-youtube wp-block-embed-youtube wp-embed-aspect-16-9 wp-has-aspect-ratio\"><div class=\"wp-block-embed__wrapper\">\n<div class=\"video-container\"><iframe loading=\"lazy\" title=\"Queens otev\u00edr\u00e1 vlajkovou prodejnu v centru Prahy na Pra\u017esk\u00fdch P\u0159\u00edkopech\" width=\"500\" height=\"281\" src=\"https:\/\/www.youtube.com\/embed\/SL6rKsKFBj8?list=PLaHTZz4UKuD_EM9Wic0OXLBNX6le0bX8H\" frameborder=\"0\" allow=\"accelerometer; autoplay; clipboard-write; encrypted-media; gyroscope; picture-in-picture; web-share\" referrerpolicy=\"strict-origin-when-cross-origin\" allowfullscreen><\/iframe><\/div>\n<\/div><\/figure>\n\n\n\n<div style=\"height:111px\" aria-hidden=\"true\" class=\"wp-block-spacer\"><\/div>\n\n\n\n<h2 class=\"wp-block-heading\">MENHOUSE<\/h2>\n\n\n\n<h3 class=\"wp-block-heading\"><strong>Video kan\u00e1l port\u00e1lu MENHOUSE.cz:<\/strong><\/h3>\n\n\n\n<div style=\"height:26px\" aria-hidden=\"true\" class=\"wp-block-spacer\"><\/div>\n\n\n\n<figure class=\"wp-block-embed is-type-video is-provider-youtube wp-block-embed-youtube wp-embed-aspect-16-9 wp-has-aspect-ratio\"><div class=\"wp-block-embed__wrapper\">\n<div class=\"video-container\"><iframe loading=\"lazy\" title=\"Zoo Praha otev\u0159ela voli\u00e9ru Se\u010du\u00e1n + Pozv\u00e1nka do Zoo\" width=\"500\" height=\"281\" src=\"https:\/\/www.youtube.com\/embed\/ilx0uMDad5M?feature=oembed&#038;wmode=opaque\" frameborder=\"0\" allow=\"accelerometer; autoplay; clipboard-write; encrypted-media; gyroscope; picture-in-picture; web-share\" referrerpolicy=\"strict-origin-when-cross-origin\" allowfullscreen><\/iframe><\/div>\n<\/div><\/figure>\n\n\n\n<div style=\"height:170px\" aria-hidden=\"true\" class=\"wp-block-spacer\"><\/div>\n\n\n\n<p><strong>Zdroj video:\u00a0<\/strong>HMG, Pra\u017esk\u00e1 Metropole. Pra\u017esk\u00e9 P\u0159\u00edkopy<\/p>\n\n\n\n<div style=\"height:59px\" aria-hidden=\"true\" class=\"wp-block-spacer\"><\/div>\n","protected":false},"excerpt":{"rendered":"<p>PRA\u017dSK\u00c1 METROPOLE Video kan\u00e1l projektu Pra\u017esk\u00e1 Metropole: PRA\u017dSK\u00c9 P\u0158\u00cdKOPY Video kan\u00e1l projektu Pra\u017esk\u00e9 P\u0159\u00edkopy: MENHOUSE Video kan\u00e1l port\u00e1lu MENHOUSE.cz: Zdroj video:\u00a0HMG, Pra\u017esk\u00e1 Metropole. Pra\u017esk\u00e9 P\u0159\u00edkopy<\/p>\n","protected":false},"author":1,"featured_media":0,"parent":0,"menu_order":0,"comment_status":"closed","ping_status":"closed","template":"","meta":{"_monsterinsights_skip_tracking":false,"_monsterinsights_sitenote_active":false,"_monsterinsights_sitenote_note":"","_monsterinsights_sitenote_category":0,"footnotes":""},"yoast_head":"<!-- This site is optimized with the Yoast SEO plugin v21.5 - https:\/\/yoast.com\/wordpress\/plugins\/seo\/ -->\n<title>HOUSE TV - CELEBRITYHOUSE.cz<\/title>\n<meta name=\"robots\" content=\"index, follow, max-snippet:-1, max-image-preview:large, max-video-preview:-1\" \/>\n<link rel=\"canonical\" href=\"https:\/\/celebrityhouse.cz\/index.php\/house-tv\/\" \/>\n<meta property=\"og:locale\" content=\"cs_CZ\" \/>\n<meta property=\"og:type\" content=\"article\" \/>\n<meta property=\"og:title\" content=\"HOUSE TV - CELEBRITYHOUSE.cz\" \/>\n<meta property=\"og:description\" content=\"PRA\u017dSK\u00c1 METROPOLE Video kan\u00e1l projektu Pra\u017esk\u00e1 Metropole: PRA\u017dSK\u00c9 P\u0158\u00cdKOPY Video kan\u00e1l projektu Pra\u017esk\u00e9 P\u0159\u00edkopy: MENHOUSE Video kan\u00e1l port\u00e1lu MENHOUSE.cz: Zdroj video:\u00a0HMG, Pra\u017esk\u00e1 Metropole. Pra\u017esk\u00e9 P\u0159\u00edkopy\" \/>\n<meta property=\"og:url\" content=\"https:\/\/celebrityhouse.cz\/index.php\/house-tv\/\" \/>\n<meta property=\"og:site_name\" content=\"CELEBRITYHOUSE.cz\" \/>\n<meta property=\"article:modified_time\" content=\"2025-04-25T21:54:45+00:00\" \/>\n<meta name=\"twitter:card\" content=\"summary_large_image\" \/>\n<meta name=\"twitter:label1\" content=\"Odhadovan\u00e1 doba \u010dten\u00ed\" \/>\n\t<meta name=\"twitter:data1\" content=\"1 minuta\" \/>\n<script type=\"application\/ld+json\" class=\"yoast-schema-graph\">{\"@context\":\"https:\/\/schema.org\",\"@graph\":[{\"@type\":\"WebPage\",\"@id\":\"https:\/\/celebrityhouse.cz\/index.php\/house-tv\/\",\"url\":\"https:\/\/celebrityhouse.cz\/index.php\/house-tv\/\",\"name\":\"HOUSE TV - CELEBRITYHOUSE.cz\",\"isPartOf\":{\"@id\":\"https:\/\/celebrityhouse.cz\/#website\"},\"datePublished\":\"2025-04-25T20:44:12+00:00\",\"dateModified\":\"2025-04-25T21:54:45+00:00\",\"breadcrumb\":{\"@id\":\"https:\/\/celebrityhouse.cz\/index.php\/house-tv\/#breadcrumb\"},\"inLanguage\":\"cs\",\"potentialAction\":[{\"@type\":\"ReadAction\",\"target\":[\"https:\/\/celebrityhouse.cz\/index.php\/house-tv\/\"]}]},{\"@type\":\"BreadcrumbList\",\"@id\":\"https:\/\/celebrityhouse.cz\/index.php\/house-tv\/#breadcrumb\",\"itemListElement\":[{\"@type\":\"ListItem\",\"position\":1,\"name\":\"Dom\u016f\",\"item\":\"https:\/\/celebrityhouse.cz\/\"},{\"@type\":\"ListItem\",\"position\":2,\"name\":\"HOUSE TV\"}]},{\"@type\":\"WebSite\",\"@id\":\"https:\/\/celebrityhouse.cz\/#website\",\"url\":\"https:\/\/celebrityhouse.cz\/\",\"name\":\"CELEBRITYHOUSE.cz\",\"description\":\"Port\u00e1l o showbyznysu...\",\"publisher\":{\"@id\":\"https:\/\/celebrityhouse.cz\/#organization\"},\"potentialAction\":[{\"@type\":\"SearchAction\",\"target\":{\"@type\":\"EntryPoint\",\"urlTemplate\":\"https:\/\/celebrityhouse.cz\/?s={search_term_string}\"},\"query-input\":\"required name=search_term_string\"}],\"inLanguage\":\"cs\"},{\"@type\":\"Organization\",\"@id\":\"https:\/\/celebrityhouse.cz\/#organization\",\"name\":\"CELEBRITYHOUSE.cz\",\"url\":\"https:\/\/celebrityhouse.cz\/\",\"logo\":{\"@type\":\"ImageObject\",\"inLanguage\":\"cs\",\"@id\":\"https:\/\/celebrityhouse.cz\/#\/schema\/logo\/image\/\",\"url\":\"https:\/\/celebrityhouse.cz\/wp-content\/uploads\/2024\/12\/cropped-Logo_CelebrityHouse_2.jpg\",\"contentUrl\":\"https:\/\/celebrityhouse.cz\/wp-content\/uploads\/2024\/12\/cropped-Logo_CelebrityHouse_2.jpg\",\"width\":937,\"height\":510,\"caption\":\"CELEBRITYHOUSE.cz\"},\"image\":{\"@id\":\"https:\/\/celebrityhouse.cz\/#\/schema\/logo\/image\/\"}}]}<\/script>\n<!-- \/ Yoast SEO plugin. -->","yoast_head_json":{"title":"HOUSE TV - CELEBRITYHOUSE.cz","robots":{"index":"index","follow":"follow","max-snippet":"max-snippet:-1","max-image-preview":"max-image-preview:large","max-video-preview":"max-video-preview:-1"},"canonical":"https:\/\/celebrityhouse.cz\/index.php\/house-tv\/","og_locale":"cs_CZ","og_type":"article","og_title":"HOUSE TV - CELEBRITYHOUSE.cz","og_description":"PRA\u017dSK\u00c1 METROPOLE Video kan\u00e1l projektu Pra\u017esk\u00e1 Metropole: PRA\u017dSK\u00c9 P\u0158\u00cdKOPY Video kan\u00e1l projektu Pra\u017esk\u00e9 P\u0159\u00edkopy: MENHOUSE Video kan\u00e1l port\u00e1lu MENHOUSE.cz: Zdroj video:\u00a0HMG, Pra\u017esk\u00e1 Metropole. Pra\u017esk\u00e9 P\u0159\u00edkopy","og_url":"https:\/\/celebrityhouse.cz\/index.php\/house-tv\/","og_site_name":"CELEBRITYHOUSE.cz","article_modified_time":"2025-04-25T21:54:45+00:00","twitter_card":"summary_large_image","twitter_misc":{"Odhadovan\u00e1 doba \u010dten\u00ed":"1 minuta"},"schema":{"@context":"https:\/\/schema.org","@graph":[{"@type":"WebPage","@id":"https:\/\/celebrityhouse.cz\/index.php\/house-tv\/","url":"https:\/\/celebrityhouse.cz\/index.php\/house-tv\/","name":"HOUSE TV - CELEBRITYHOUSE.cz","isPartOf":{"@id":"https:\/\/celebrityhouse.cz\/#website"},"datePublished":"2025-04-25T20:44:12+00:00","dateModified":"2025-04-25T21:54:45+00:00","breadcrumb":{"@id":"https:\/\/celebrityhouse.cz\/index.php\/house-tv\/#breadcrumb"},"inLanguage":"cs","potentialAction":[{"@type":"ReadAction","target":["https:\/\/celebrityhouse.cz\/index.php\/house-tv\/"]}]},{"@type":"BreadcrumbList","@id":"https:\/\/celebrityhouse.cz\/index.php\/house-tv\/#breadcrumb","itemListElement":[{"@type":"ListItem","position":1,"name":"Dom\u016f","item":"https:\/\/celebrityhouse.cz\/"},{"@type":"ListItem","position":2,"name":"HOUSE TV"}]},{"@type":"WebSite","@id":"https:\/\/celebrityhouse.cz\/#website","url":"https:\/\/celebrityhouse.cz\/","name":"CELEBRITYHOUSE.cz","description":"Port\u00e1l o showbyznysu...","publisher":{"@id":"https:\/\/celebrityhouse.cz\/#organization"},"potentialAction":[{"@type":"SearchAction","target":{"@type":"EntryPoint","urlTemplate":"https:\/\/celebrityhouse.cz\/?s={search_term_string}"},"query-input":"required name=search_term_string"}],"inLanguage":"cs"},{"@type":"Organization","@id":"https:\/\/celebrityhouse.cz\/#organization","name":"CELEBRITYHOUSE.cz","url":"https:\/\/celebrityhouse.cz\/","logo":{"@type":"ImageObject","inLanguage":"cs","@id":"https:\/\/celebrityhouse.cz\/#\/schema\/logo\/image\/","url":"https:\/\/celebrityhouse.cz\/wp-content\/uploads\/2024\/12\/cropped-Logo_CelebrityHouse_2.jpg","contentUrl":"https:\/\/celebrityhouse.cz\/wp-content\/uploads\/2024\/12\/cropped-Logo_CelebrityHouse_2.jpg","width":937,"height":510,"caption":"CELEBRITYHOUSE.cz"},"image":{"@id":"https:\/\/celebrityhouse.cz\/#\/schema\/logo\/image\/"}}]}},"_links":{"self":[{"href":"https:\/\/celebrityhouse.cz\/index.php\/wp-json\/wp\/v2\/pages\/11371"}],"collection":[{"href":"https:\/\/celebrityhouse.cz\/index.php\/wp-json\/wp\/v2\/pages"}],"about":[{"href":"https:\/\/celebrityhouse.cz\/index.php\/wp-json\/wp\/v2\/types\/page"}],"author":[{"embeddable":true,"href":"https:\/\/celebrityhouse.cz\/index.php\/wp-json\/wp\/v2\/users\/1"}],"replies":[{"embeddable":true,"href":"https:\/\/celebrityhouse.cz\/index.php\/wp-json\/wp\/v2\/comments?post=11371"}],"version-history":[{"count":3,"href":"https:\/\/celebrityhouse.cz\/index.php\/wp-json\/wp\/v2\/pages\/11371\/revisions"}],"predecessor-version":[{"id":11376,"href":"https:\/\/celebrityhouse.cz\/index.php\/wp-json\/wp\/v2\/pages\/11371\/revisions\/11376"}],"wp:attachment":[{"href":"https:\/\/celebrityhouse.cz\/index.php\/wp-json\/wp\/v2\/media?parent=11371"}],"curies":[{"name":"wp","href":"https:\/\/api.w.org\/{rel}","templated":true}]}}